n factor of 12 and m?
12
Suppose -10*k = -14*k + 46*k - 210. Suppose -4*h = -56 - 4. Calculate the greatest common divisor of k and h.
5
Let f be ((-84)/(-10))/1*(-1 - 4). Let g = 57 + f. Calculate the greatest common divisor of 6 and g.
3
Suppose 0*d = -3*d + 42. Let j be 1 - ((-2 - -4) + -43). Calculate the greatest common divisor of d and j.
14
Let n(y) = 14*y**3 + y**2 + y + 1. Let b be n(-1). Let g = -9 - b. Suppose -6*o = -g*o - 440. Calculate the highest common factor of 20 and o.
20
Suppose -2*h + 4 = -0. Let z be h/((-98)/21) - 118/(-14). What is the greatest common divisor of z and 20?
4
Suppose -1952 = -8*a - 320. Calculate the highest common factor of 153 and a.
51
Let f(q) = -2*q - 3. Let b be f(-4). Suppose 0 = 2*x - 23 - b. Let k be 1 - (6/9 + 3223/(-33)). Calculate the greatest common divisor of k and x.
14
Let s be (0 - 0) + (1 - -1). Let d be (-8)/(-3)*3/s. Let l(k) = 4*k**2 - 2*k. Let h be l(2). Calculate the greatest common divisor of d and h.
4
Let m(s) = -3*s**3 - 2*s**2 + 1. Let l be m(-1). Suppose 3*f - 5*x - 540 = -l*x, 0 = 2*f + x - 366. Calculate the highest common divisor of 13 and f.
13
Suppose -3*d - 5*z = -420 - 3320, -4*d + 4977 = -3*z. What is the highest common divisor of 30 and d?
15
Suppose 0*l = -4*l + 208. Suppose r + 4*k = 62, -2*r + 5*k = -r - 98. What is the greatest common divisor of r and l?
26
Suppose -4 = -2*h - 5*l + 51, 0 = 2*h - 4*l - 28. Let a = h - -39. Suppose s = 7 + a. Calculate the greatest common factor of s and 6.
6
Let i(x) = 2*x**3 + 8*x**2 - 6*x + 4. Let k be i(-3). What is the greatest common factor of k and 15?
5
Let n(r) = -r**2 + 4*r + 24. Let u be n(6). Suppose 192 = -3*h + 5*h. Calculate the greatest common divisor of u and h.
12
Let h be (154/35 - 2)/((-2)/(-75)). Calculate the greatest common factor of h and 20.
10
Suppose 32*t - 24 = 29*t. What is the highest common factor of 136 and t?
8
Let a be (-4)/(4/3) + 4. Let h(f) = 13*f + 1. Let q be h(a). What is the highest common factor of 42 and q?
14
Suppose -9*i + 51 = -6*i. What is the highest common divisor of i and 1343?
17
Let q be 9 + -1*(0 + -1). Let x be (30/90)/(3/36). Calculate the greatest common factor of x and q.
2
Let r(t) = t**2 - t - 3. Let o be r(3). Let l be 24/(-36) - (-38)/o. Calculate the greatest common divisor of l and 3.
3
Let s = -203 + 225. What is the greatest common factor of s and 33?
11
Suppose -3*b + 3*i = 0, -19*b + 3*i - 10 = -18*b. What is the greatest common divisor of b and 20?
5
Let i = -135 + 333. Let r be 2 + -6 - (15 + -4)*-1. Suppose 0 = 3*v + r*v - 180. What is the highest common divisor of v and i?
18
Let l(m) = m + 7. Let s be l(15). Suppose -2*v - 6 = -s. Calculate the greatest common divisor of v and 64.
8
Let f(n) be the third derivative of n**4/24 + n**3 - 6*n**2. Let o be f(5). Let y = -8 + o. What is the greatest common factor of y and 1?
1
Suppose 21*w = 2*f + 18*w - 16, -8 = 2*f + 3*w. What is the highest common factor of 100 and f?
2
Let s be -1 + 211 + (-40)/(-4). What is the greatest common factor of 715 and s?
55
Let y be 6/18*12*187/(-2). Let c be (-6402)/y - 4/34. Suppose -4*k = 2*l - 12 - 174, 0 = 3*l - 5*k - 235. Calculate the highest common factor of c and l.
17
Let t = 163 + -38. Let o(h) = h + 6. Let j be o(-9). Let q be (47 - 0) + (-9)/j. What is the greatest common factor of q and t?
25
Suppose 11*n - 5 - 50 = 0. Calculate the highest common factor of n and 755.
5
Let c be 15*((1 - 1) + 3). Let s be (99/(-12))/((-4)/(-16)). Let b = 63 + s. Calculate the greatest common divisor of b and c.
15
Suppose 0 = 4*m - 45 - 19. What is the greatest common divisor of 80 and m?
16
Let o be -12*(11/66 - 1). What is the greatest common divisor of 245 and o?
5
Let k be 6 + -1 + 15 + -11. Suppose -u = -2*v + 93, 0 = -3*v - 8*u + k*u + 141. Calculate the highest common divisor of v and 6.
6
Suppose -12*g - g + 52 = 0. Suppose -83 = -3*v + g*t, -t - 3 = -1. Calculate the greatest common factor of 200 and v.
25
Suppose 4*h + 24 = -84. Let k = 44 + h. Suppose p + 0*s - 13 = -4*s, -k = -2*p - 5*s. Calculate the greatest common divisor of p and 4.
1
Suppose 84 = -25*k + 31*k. Calculate the highest common divisor of k and 238.
14
Suppose 3*a - 3*h - 93 = 0, 5*a + h - 185 = -0*h. Let i = a + -21. Suppose -24*k - 1492 + 5452 = 0. What is the greatest common divisor of i and k?
15
Suppose -8 = -r + 3. Suppose r*p - 76 = 7*p. Let x = 76 + p. Calculate the greatest common factor of 19 and x.
19
Let f = 576 - -22. What is the highest common factor of f and 26?
26
Suppose 2*a - 7 = 1. Suppose a*q = 12*q - 432. What is the highest common divisor of 36 and q?
18
Suppose -5*i - 5 = -0. Let t = i - -3. Suppose -59 - 13 = -t*s. Calculate the highest common divisor of 9 and s.
9
Let i = 630 + -560. Calculate the greatest common factor of i and 80.
10
Suppose 2*p - 898 = -2*i, 2*i - 5*p - 1145 = -275. What is the highest common divisor of 801 and i?
89
Suppose -10*j + 15*j = 110. Let r = j - 18. Suppose 0 = -5*p - 0*l + r*l + 78, 0 = 4*p + 5*l - 46. What is the highest common factor of p and 2?
2
Let w = 228 - 223. Calculate the highest common factor of w and 15.
5
Let v = -14 + 34. Let g = v - 4. Calculate the greatest common factor of 32 and g.
16
Suppose 0 = 6*z - 10*z + 20. Let j be (0 - -1)*(190/z + -3). What is the highest common factor of j and 5?
5
Let c(p) = -102*p - 680. Let k be c(-10). What is the greatest common factor of 20 and k?
20
Let f = 94 + -64. Let c(q) = q**2 + 7*q - 11. Let r be c(-8). Let s(h) = -4*h + 3. Let k be s(r). What is the greatest common divisor of k and f?
15
Let l be -4*2/4*-1. Let y = -157 + 158. Calculate the greatest common factor of l and y.
1
Suppose 3*o - 24 = 5*l - 4*l, -3*l = -9. Let p be (o/(-12))/(4/(-48)). What is the greatest common factor of p and 18?
9
Let b(w) = 3*w**3 + 2*w**2 + 10*w - 15. Let s be b(3). Calculate the greatest common divisor of 152 and s.
38
Suppose 0 = -3*s + w - 4*w, -5*s + 12 = -w. Suppose 0 = 9*i + s*i - 77. What is the greatest common factor of 35 and i?
7
Let d(k) = 2*k**3 - 4*k**2 - 6*k**2 - k**3 + 35 - 34 - 8*k. Let p be d(11). What is the highest common factor of p and 374?
34
Suppose p - 108 = -5*s + 35, 2*p - 4*s = 244. Suppose 4*h = -4*a + 80, -4*a + 40 + 36 = 3*h. What is the greatest common divisor of a and p?
16
Let r(o) = o**2 + 3*o + 4. Let f be r(4). Let k(w) = -w**3 - 12*w**2 - 3*w + 12. Let q be k(-12). What is the greatest common factor of f and q?
16
Let v = -1601 - -2351. Suppose 8*n - v - 258 = 0. Calculate the greatest common divisor of 42 and n.
42
Suppose -2*h - 4*v = -58, -6*v + 2*v = 4*h - 112. Calculate the highest common factor of h and 36.
9
Let m be (36/(-42))/((-3)/14). Suppose m*k - 13 = d, -5*k + 1 + 4 = d. Let t be ((-21)/k)/((-24)/64). What is the greatest common factor of t and 112?
28
Suppose -2*l - 121 = 127. Let m = l - -87. Let f = 2 - m. Calculate the highest common factor of f and 26.
13
Let a(y) = 9*y + 6. Let r be a(-1). Let w be r*(-14)/9*(-3 - -6). What is the greatest common divisor of w and 7?
7
Let m be (-1050)/(-45)*(5 - 2). Let j(a) = 4*a - 2. Let v be j(4). What is the highest common factor of v and m?
14
Let l = 5 + 11. Let t = 9 - -7. Calculate the greatest common divisor of t and l.
16
Let s be 240*(-3)/(60/(-8)). What is the greatest common divisor of 128 and s?
32
Suppose 4 - 3 = w. Let f = 76 - -20. Suppose -4*v + f = 8*v. What is the highest common divisor of w and v?
1
Suppose 2*k + r = 3*r + 12, 4*r - 24 = -4*k. Let a be (30/(-24))/(-1 + k/8). Calculate the highest common divisor of a and 20.
5
Suppose -16*d - 39 + 679 = 0. Calculate the greatest common factor of 20 and d.
20
Let a(u) = -u**3 - 12*u**2 + 29*u + 16. Let c be a(-14). Calculate the greatest common divisor of c and 3.
1
Let g(i) = -14*i + 318. Let d be g(21). Suppose -2*t + t + 60 = 0. Calculate the greatest common divisor of d and t.
12
Let n(i) = 58*i + 242. Let w be n(-2). Suppose -180 = -4*x - x. Calculate the highest common factor of w and x.
18
Suppose -4*h + 640 = 4*h. What is the highest common factor of 30 and h?
10
Let c be (-888)/(-90) + (-4)/(-30). Let x = c - 7. Suppose h = x + 28. Calculate the highest common divisor of 62 and h.
31
Let n = -38 + 48. Suppose -c + h + 9 = -2*h, 0 = -2*h - 8.